hat are the prime factors of j?
2, 5
Suppose 14 = u - 0*n + 2*n, 3*u - 2*n = 26. Let t be (u/3)/((-4)/(-30)). Suppose 3*d + 2*y = t, d + d = -y + 17. What are the prime factors of d?
3
Let r = -4 + 8. List the prime factors of r.
2
Let d(m) = -24*m - 7. Let a(g) = 12*g + 4. Let s(w) = 5*a(w) + 3*d(w). What are the prime factors of s(-1)?
11
Let x(r) = -3*r**3 + 2*r**2 + r. Let s be x(-1). Suppose -2*g + s*g = 38. List the prime factors of g.
19
Let x = 181 - 86. What are the prime factors of x?
5, 19
Let r(q) = -2*q + 7 + 0 + q. What are the prime factors of r(0)?
7
Suppose -2 = y - 3. What are the prime factors of (3/6)/(y/26)?
13
Let y(k) = -k**3 - 5*k**2 - 7*k - 6. Let v be y(-4). Let u = 16 - 7. Suppose 3*z - v = u. List the prime factors of z.
5
Suppose -5*m = 4 + 1. Let t = -5 + 12. Let q = t - m. List the prime factors of q.
2
Suppose -22 = -3*z - 7. Suppose 18 = 2*f + 2*w, -z*w = -4*f + 11 - 2. List the prime factors of f.
2, 3
Let i be (-8)/6*3/(-2). Suppose 0*a + 56 = 4*c + 2*a, i*a = 5*c - 70. List the prime factors of c.
2, 7
Let m(f) = -f**3 + 12*f**2 - 12*f + 12. Let y be m(10). Suppose y = 6*q - 94. List the prime factors of q.
31
Suppose -3*v - 2*b + 18 = -5*b, v = 4*b + 12. Let h = 36 - 32. Suppose h = m, v*r - 20 = 2*m - 0*m. What are the prime factors of r?
7
List the prime factors of 31 + (24/2)/(-3).
3
Let g = 80 + -13. Let b = g + -30. List the prime factors of b.
37
Let i(k) = -2*k + 43. List the prime factors of i(-21).
5, 17
Let q(v) = v**3 - 5*v**2 + 5. Let f be q(5). Suppose 77 = f*b - 98. What are the prime factors of b?
5, 7
Let t(a) = 7*a - 33. What are the prime factors of t(16)?
79
Let m(g) = -g**3 - 3*g**2 - 2*g - 2. Let c be -1*(-3 - -7 - 1). Let k be m(c). Suppose k*h + 28 = 8*h. What are the prime factors of h?
7
Let i(z) = 4*z**3 + 1. List the prime factors of i(2).
3, 11
Suppose -25 = -u + 4. List the prime factors of u.
29
Suppose 0 = 3*d + 2*m - 268, 0*d - 4*d + 2*m = -348. Let o = d - 52. What are the prime factors of o?
2, 3
Let q(p) = p**3 + 4*p**2 - 7*p - 6. Let c be q(-5). Suppose 1 - 13 = -c*o. Suppose -3*f - 40 = -3*h + 2*f, 3*f = o*h - 36. What are the prime factors of h?
2, 5
Let g(l) = l**2 - 5*l - 2. Let r = -1 + -2. List the prime factors of g(r).
2, 11
Suppose 4*l = -m - 26, -5*m + 5*l - 6 = -1. Let f(n) = 7*n + 14. Let r(o) = o + 1. Let p(j) = -f(j) + 5*r(j). List the prime factors of p(m).
3
Suppose 4*t + 2 + 62 = 0. Let f = 26 + t. Let x = f - -4. List the prime factors of x.
2, 7
Let p(t) = 0*t + 5*t + 8 - 11*t + t**2. What are the prime factors of p(7)?
3, 5
Suppose g + j = -3*j + 5, -8 = -4*j. List the prime factors of 384/15 + g/5.
5
Let t = 1 - 0. List the prime factors of (-15)/(-6) + t/(-2).
2
Let y = -14 - -51. List the prime factors of (-4)/8 - y/(-2).
2, 3
List the prime factors of ((-32)/24)/((-4)/510).
2, 5, 17
Suppose -2*b - 19 + 5 = 0. Let w(n) = n + 1 + 2*n - 4*n + 3. What are the prime factors of w(b)?
11
Suppose 3 = -l - 0*l. Let h(u) = -u**3 + 3*u**2 + u - 2. Let j be h(3). List the prime factors of (2 - l)/(0 + j).
5
Let l(g) be the third derivative of -g**6/120 - 7*g**5/60 - g**4/3 - g**3/2 + g**2. Suppose 3*y - 5*d - 7 = 0, 2*d - 1 + 5 = y. List the prime factors of l(y).
3
Suppose -3*j - 14 = -6*j + 2*u, -5*j = 2*u - 18. Suppose -j*o - 4 = -20. List the prime factors of 2*(o + 0/2).
2
Let r = -63 + 155. List the prime factors of r.
2, 23
Suppose -68 = -5*i + i. Let j = i - 5. What are the prime factors of j?
2, 3
Let d(r) = r**2 - 7*r + 4. Let o be d(7). Let k = -2 + o. List the prime factors of k.
2
Let t = -4 + 4. Let y be (t - 5)*9/(-15). Suppose 0 = -y*j - 0*j + 18. What are the prime factors of j?
2, 3
Let b = -112 - -175. What are the prime factors of b?
3, 7
List the prime factors of -3*(-2 + -6) + -2.
2, 11
Let w be 0 + -1 + -1 + 4. Let l(o) = o - 2*o - o**2 + 3 - w - 4*o. What are the prime factors of l(-3)?
7
Suppose 20*y - 1712 = 4*y. List the prime factors of y.
107
Let o(f) = 4*f - 8. Suppose 3*v - 25 = -2*y, 3*y + 3*v - 17 = 2*y. List the prime factors of o(y).
2, 3
Let k(d) = -2*d - 7. Let j be k(-6). Suppose -j*l - 20 = -5, 2*l + 50 = y. What are the prime factors of y?
2, 11
Let k(b) = -b**2 + 12*b - 8. Let i be k(11). Let j(r) = 2*r**2 - 2*r + 1. List the prime factors of j(i).
13
Let b(a) = a**3 + 6*a**2 - 11*a + 7. List the prime factors of b(-7).
5, 7
Suppose 3*s - s = 62. Suppose -4*n - 3 = -s. What are the prime factors of n?
7
Let u = -3 - -55. What are the prime factors of u?
2, 13
Let j = 25 - 16. Let a be (0 - j*-1)*1. Let m = a - 0. What are the prime factors of m?
3
Let n be (-6)/(-9) - (-26)/6. Suppose 45 = n*p - 65. List the prime factors of p.
2, 11
Suppose 4*c - 3*k - 5 = 0, -c + 5*c = -2*k - 10. Let u be c/(-3) - 74/6. Let o = -8 - u. List the prime factors of o.
2
Let i(b) = -b**3 - 7*b**2 - 2*b. What are the prime factors of i(-8)?
2, 5
Suppose -n + 0*n = 0. List the prime factors of (n + 22/(-4))*-2.
11
Let k be (1 + -5)/((-2)/4). Let y(s) be the second derivative of s**3/3 - 9*s**2/2 + 5*s. List the prime factors of y(k).
7
Suppose h - 2 = -1. Let u(q) = h + 4 - 2*q**2 + 7*q + 2*q**2 - q**2. List the prime factors of u(6).
11
Suppose y + 4*y = 5. Suppose 5*n = 6 - y. Let w = n + 2. List the prime factors of w.
3
What are the prime factors of ((-51)/(-1))/(4/(3 + 1))?
3, 17
What are the prime factors of 52 - (4 + 0 + -4)?
2, 13
Suppose -6*y + 290 = -16. What are the prime factors of y?
3, 17
Let c be -2 + 4 - (-3 - -2). Let h be 0 - 1 - c/(-1). Suppose 2*t - 30 = -h*p, 3*p = -2*t - 1 + 43. List the prime factors of p.
2, 3
Suppose -8*k = -2*q - 3*k + 370, 4*q - 5*k = 750. What are the prime factors of q?
2, 5, 19
Let b(a) = a + 8. Let m be 1 - (0 + -2)/(-2). List the prime factors of b(m).
2
Let o(i) be the second derivative of i**3/6 + 2*i**2 - i. Let r be o(-3). List the prime factors of 8 - (r + 1)/1.
2, 3
Let f(g) = 6*g - 3. Suppose 12 = c + c. Let i be ((-8)/c)/(2/(-3)). List the prime factors of f(i).
3
Let g = 0 - -5. Suppose -3*a + 30 = -6*a - g*c, 5*a + 2*c + 31 = 0. What are the prime factors of (-77)/a + 4/(-10)?
3, 5
Let b = 673 + -471. List the prime factors of b.
2, 101
Suppose 11 = -5*p - 4*m, -3*p - 3*m - 12 = -3. Suppose -6 = g + p. What are the prime factors of (-1)/(((-21)/(-18))/g)?
2, 3
Suppose -20 = -t - 4*c, 3*t + 4*c - 11 - 17 = 0. What are the prime factors of ((-42)/t)/((-7)/14)?
3, 7
Let o(x) = 17*x - 61. What are the prime factors of o(8)?
3, 5
Let v(i) = -2*i - 11. Let q = -10 + 0. List the prime factors of v(q).
3
List the prime factors of (26/6 - 5)/((-4)/1158).
193
Suppose 2*b = -5*k + 6, -3*k - 2 = -2*b + 4. Suppose -2*i + 3 + 1 = k. List the prime factors of (5 - 3) + (i - 1).
3
Suppose 136 = 2*o - 0*o. What are the prime factors of 1/(o/22 - 3)?
11
Let m(t) = t + 1. Let r(f) = -3*f - 7. Let h(g) = -4*m(g) - r(g). What are the prime factors of h(-6)?
3
Let p be (4/(-4))/((-1)/3). Let b be (4/p)/(2/3). Suppose -j + b*i = 4, -i - 20 = -4*j - 2*i. What are the prime factors of j?
2
Suppose -2*q = -2 - 12. Suppose 2*t + 14 = -5*o - q, 0 = 4*t + 2*o + 18. Let s = 9 - t. List the prime factors of s.
2, 3
Suppose -3*q + 4*b = -0*b + 2, -3*b = -2*q - 3. Suppose 4*r - 5*z = 27, 3*r - 4*r - 3*z - q = 0. List the prime factors of r.
3
Let x(u) = 10*u**3 - u**2 + u - 1. Let q be 1 + 2 + -4 + 2. List the prime factors of x(q).
3
Let h(o) = 14*o**2 - 3*o + 6. List the prime factors of h(3).
3, 41
Let r(w) = w**3 - 6*w**2 - 4*w - 6. Suppose 0*x = -4*k + 4*x + 40, 4*k + 3*x - 19 = 0. List the prime factors of r(k).
3, 5
Suppose -2*h = -2*z + 54, 2*h + 80 = 3*z - 0*h. Let q = 40 - z. List the prime factors of q.
2, 7
Let t(b) = 1 - 6*b**2 + 5*b**2 + 7. What are the prime factors of t(0)?
2
Suppose -156 = -j - 2*j. Suppose 3*l - j = -4*d - 6, -27 = -2*l + d. List the prime factors of l.
2, 7
Let a(c) be the second derivative of -c**5/20 - 3*c**4/4 - 5*c**3/3 - 9*c**2/2 - 3*c. What are the prime factors of a(-8)?
7
Let u(r) = -r - 3. Let p be u(-3). Suppose -w + 3*w + 2*x - 42 = p, 97 = 5*w + x. Suppose -7*f + 2*f = -5*a + 115, -w = -a - 3*f. List the prime factors of a.
2, 11
Let g = -1 - -38. What are the prime factors of g?
37
Suppose r + 0*r = 8. Let k = -5 + r. What are the prime factors of k?
3
Let a(w) =